(-12) + (-2)/6. Let y be 4/(-20) + (-121)/b. What is the greatest common factor of y and 36?
12
Let n be 11 + 0 - (7 + -6). Calculate the highest common divisor of n and 90.
10
Let c(o) = 2*o**3 - o**2 + 3*o + 1. Let i be c(-2). Let f be ((-65)/i - 2)*15. Let x be (11*9)/(2/2). What is the greatest common factor of f and x?
9
Let a = 65 - 43. What is the greatest common divisor of 44 and a?
22
Suppose -33 = -3*r - 12. Calculate the greatest common divisor of r and 28.
7
Let a = -10 - -2. Let j be (6/(-4))/(6/a). What is the highest common factor of 2 and j?
2
Let u be (-80)/(-12) + (-1)/(-3). Let w(m) = m**3 - 6*m**2 - 6*m - 4. Let j be w(u). What is the greatest common factor of 12 and j?
3
Let k be -22*((-3)/2)/1. Calculate the greatest common divisor of 22 and k.
11
Let a(n) = -n**2 + 6*n - 3. Let y be a(4). Let d(r) = 33*r + 2. Let k be d(1). Calculate the highest common divisor of k and y.
5
Suppose 2*m = -4*v + 64, -3*m - 2*v = 3*v - 101. Suppose -14 - 28 = 3*o. Let n be (-12)/m + (-284)/o. Calculate the greatest common factor of n and 50.
10
Suppose 0*o - 8 = 2*o, 5*o + 30 = 5*h. Let p be (-238)/(-6) - h/(-6). Suppose s - p = -s. What is the greatest common divisor of 4 and s?
4
Let x(k) = k**2 - k + 156. Let z be x(0). Calculate the greatest common divisor of z and 12.
12
Let s(r) = r**3 + 15*r**2 + 11*r - 9. Let b be s(-14). Calculate the highest common factor of b and 231.
33
Let b(l) = 5*l - 27. Let s be b(8). Calculate the greatest common divisor of s and 117.
13
Suppose -5*n - 4045 = 5*u, -4*n + u - 6*u - 3233 = 0. Let g be n/(-6) - (-2)/(-6). What is the greatest common factor of g and 27?
27
Suppose 91 - 73 = d. What is the highest common divisor of d and 9?
9
Suppose -9*u = -14*u + 105. What is the highest common factor of 84 and u?
21
Suppose 0 = -q - 15 + 7. Let p = -4 + 2. Let w be (-7)/(p*(-2)/q). Calculate the highest common factor of w and 14.
14
Let m be (-20)/7 + (-1)/7. Let w be 2 + (-24 + m)*-1. Suppose 3*b = 0, -4*o + w = b - 3. Calculate the highest common factor of o and 64.
8
Let m be ((-54)/(-72))/((-1)/(-20)). Let d(o) = -o + 8. Let z be d(5). Calculate the highest common factor of z and m.
3
Suppose 5*f - 10 = 0, 3*c - 4*f + f - 51 = 0. Suppose 0 = -2*w - 3*v + 50, -35 = -w - 4*v - 0*v. Calculate the highest common divisor of w and c.
19
Let d = 1 + -3. Let l = d + 4. Let n be ((-15)/l)/((-1)/2). What is the highest common divisor of 10 and n?
5
Let n = -169 - -244. Suppose w = 4*w - n. What is the highest common factor of w and 10?
5
Let q(n) = -n + 2. Let d = -8 + 6. Let s be q(d). What is the highest common factor of s and 6?
2
Suppose -2*x + 45 = 3*c, -2*c + 61 + 17 = 4*x. Let s be 2*(-1)/(-2) + 44. What is the greatest common factor of x and s?
9
Let h be 9/(-45) - (-2702)/10. What is the greatest common divisor of h and 30?
30
Let c = 9 + -4. Suppose -5*g = 3*p - 0*g - 15, -5*g = -2*p + 10. What is the highest common factor of p and c?
5
Let j(k) = -6*k - 3. Let r be j(-2). What is the greatest common factor of r and 1?
1
Let p(i) = -4*i - 9. Suppose 22 = -2*k + w - 6*w, 0 = 2*w. Let u be p(k). What is the highest common factor of u and 7?
7
Let p be -5*(5 - 4)*-1. Calculate the greatest common divisor of p and 55.
5
Let z be -3 + 7/(14/258). Suppose -2*v + 7*v - 4*q - z = 0, -q + 84 = 4*v. What is the greatest common factor of 33 and v?
11
Let h be ((-3)/((-12)/(-44)))/(-1). What is the highest common factor of 11 and h?
11
Let s(g) = -2*g - 2. Let y be s(2). Let a be (-4)/y*(-18)/(-4). Calculate the greatest common factor of 15 and a.
3
Let r(q) = -q**2 + q. Let x be r(6). Let w = -20 - x. Suppose 0 = s + 2*s - 210. What is the greatest common divisor of s and w?
10
Let x(o) = -o**3 - 13*o**2 + 3*o + 20. Let c be x(-14). Calculate the greatest common factor of c and 116.
58
Suppose v - 70 = -3*o, -3*v = -13 + 1. Suppose -2*t + o + 26 = 0. Suppose 4*w - 10 = -0*w + 2*y, 2*w = -3*y + 9. Calculate the highest common factor of t and w.
3
Let l = -27 + 33. Suppose 30 = 2*j - 6. Let r be (j/(-8))/(l/(-32)). Calculate the highest common factor of r and 30.
6
Let i be 39 + (-2 - 1) + -3. Suppose i = -2*l + 5*l. What is the highest common factor of 99 and l?
11
Suppose 198 = 3*m - 240. Suppose 0 = -2*i + 2*t + m, -25 = 3*t + 2*t. Calculate the highest common factor of i and 17.
17
Let l = 10 - 14. Let w(p) = -p**3 - p**2 + 5*p + 2. Let h be w(l). What is the highest common factor of h and 45?
15
Suppose -3*m + 57 = -0*m. Suppose 0 = 5*p - 61 - m. Calculate the highest common factor of 2 and p.
2
Let j = 190 - 160. Calculate the highest common factor of j and 12.
6
Let p be (-3)/(-6) + (-33)/(-6). Suppose p*y - 3*y = -111. Let g = y - -112. Calculate the greatest common factor of 15 and g.
15
Let z be -9*(0/(-2) - (0 + 1)). What is the greatest common divisor of 36 and z?
9
Let f = 131 + -91. What is the greatest common factor of 5 and f?
5
Suppose -12*n + 8*n = -20. Calculate the highest common factor of n and 10.
5
Let z = -10 + 12. Calculate the greatest common factor of z and 1.
1
Suppose -5*d = -54 - 36. Let k = 53 - 35. What is the greatest common factor of d and k?
18
Suppose -4*s + 38 + 54 = 0. Suppose 3*b - s = 19. Let y = 0 + 14. Calculate the highest common factor of y and b.
14
Let b be -1 + 3*4/(-12) + 41. Calculate the greatest common divisor of b and 273.
39
Let a(d) = d**2 + d**2 - 3 - 5*d + 2. Let w be a(5). Calculate the highest common divisor of w and 36.
12
Let m = 305 + -96. Let p(u) = 6 - 5*u - 2 + u**2 + 3*u + 4*u. Let w be p(3). What is the greatest common divisor of w and m?
19
Suppose 58 = 3*s - 59. Suppose -2*d - 36 = 2. Let y = s + d. What is the highest common factor of y and 2?
2
Let q = 37 - 19. What is the highest common divisor of q and 2?
2
Suppose 5*s = 7 + 3. Let o be (1*262/2)/1. Suppose 41 = -s*h + o. What is the greatest common factor of h and 15?
15
Suppose 0 = -0*v - 5*v + 65. What is the greatest common factor of v and 52?
13
Let k = 273 - 158. Suppose -5*q + k = -y, 61 = 4*q - 3*y - 31. Suppose 3*f = 2*t + 125, f + 5*t - t - q = 0. What is the highest common factor of f and 26?
13
Suppose -5*w = -p - 37, 2*w = 5*w + 2*p - 30. Suppose t - 4*i + 2 = 0, 0*t + 3*i + 7 = 5*t. Let r = 2 + t. Calculate the highest common factor of r and w.
4
Let w(o) = -9*o - 6. Let i be w(-4). Let g(a) = 4*a**2 + 2*a + 3. Let k be g(4). What is the greatest common divisor of k and i?
15
Let o = 11 + 113. What is the greatest common divisor of o and 31?
31
Let m = -3 + 7. Suppose 3*o - 324 = -4*l, 109 = o - 4*l + 17. Suppose -4*i + o = 4*f, -33 - 55 = -m*f + 4*i. Calculate the greatest common divisor of 3 and f.
3
Let r = -4 - 1. Let h(b) = b**3 + 12*b**2 + 3*b + 16. Let z be h(-12). Let n be (-1 + 2)/(r/z). What is the highest common divisor of n and 1?
1
Suppose -270 = k - 4*k. What is the highest common factor of k and 18?
18
Suppose 2*n + f - 10 = -0*f, -5*f = -n - 17. Suppose n*r = -s + 19, 13 = 2*r - s + 2. Suppose 3*q - 5*q + r = 0. What is the highest common divisor of q and 6?
3
Let i = 11 + -2. Let x = -167 + 41. Let z be 1/(2 - (-250)/x). Calculate the highest common factor of z and i.
9
Suppose 3*f + r = 4*f + 3, -4*f - 4*r + 12 = 0. Suppose -4*q + 13 + 3 = f. Suppose -58 = -q*y - 6. What is the greatest common factor of 13 and y?
13
Suppose -18 = 4*o - 2*l, l = -5*o - l - 36. Let f be (-2 + (-9)/o)*-10. Suppose -5*j - f = -20. Calculate the highest common factor of j and 3.
3
Suppose -5*u = -7*u. Suppose u = v - z - 6, 4*z + 10 = -z. Let g(r) = -r**3 - 5*r**2 + 5*r + 2. Let y be g(-6). Calculate the highest common factor of y and v.
4
Let k = -318 + 461. What is the highest common factor of k and 13?
13
Let a = 88 - -3. Suppose -3 = b - 16. Calculate the highest common divisor of a and b.
13
Suppose 0 = -3*g + 1438 + 410. Suppose 6*z - 2*z = g. Calculate the greatest common factor of z and 14.
14
Let j = 27 + -59. Let u = j + 74. Calculate the highest common divisor of 6 and u.
6
Suppose -9*r + 3*r = -180. What is the highest common divisor of r and 3?
3
Let q = -7 - -19. What is the greatest common factor of q and 84?
12
Let p(b) be the second derivative of b**5/20 + 7*b**4/12 + b**3/3 - 2*b**2 + 4*b. Let r be p(-3). Calculate the greatest common divisor of 39 and r.
13
Suppo